ctor of z and s.
4
Suppose -64 - 32 = 3*j. Let x be (-30)/8*j/6. Suppose -2*m - 275 = -285, y = 2*m - 6. What is the greatest common factor of x and y?
4
Suppose -665 = -66*n + 1244 + 203. Let h be 30/(-1)*8/(-10). Calculate the highest common factor of h and n.
8
Let n(a) = 5*a**2 - 83*a - 736. Let h be n(-10). What is the highest common factor of 220 and h?
22
Suppose -3*v + 1922 = -4*z - 2734, -4656 = -3*v + 5*z. What is the greatest common divisor of v and 679?
97
Suppose 0 = 4*v - 6494 + 5234. What is the greatest common divisor of 345 and v?
15
Let k(h) = 342*h + 4440. Let t be k(35). Calculate the highest common factor of 60 and t.
30
Suppose 7*r + 74 = -10. Let x(t) = -t**3 - 10*t**2 + 24*t + 12. Let z be x(r). Suppose 13*n = z*n + 60. What is the highest common factor of n and 20?
20
Let f be (1/(-3))/(7/(-609)). What is the highest common divisor of f and 1798?
29
Let q = 122 + -290. Let m = 184 + q. What is the greatest common factor of m and 32?
16
Suppose g - 5*y - 56 = 0, 3*g - 479 = 4*y - 388. What is the greatest common factor of 75 and g?
3
Suppose -6*z - 54 = -18. Let d = z + 10. Suppose 2*a = -4*v + 3*a + 393, d*a = -2*v + 210. Calculate the greatest common factor of v and 11.
11
Suppose 0 = -8*n - 2727 + 3375. What is the highest common factor of n and 6561?
81
Let s = 393 + -392. Let l = 22 + -21. Let x(y) = 14*y**2 - 2*y - 1. Let k be x(l). What is the greatest common divisor of s and k?
1
Let n(j) = 2*j**2 - 15*j + 43. Let t be n(-14). Let f be (-86)/t + -334*(-2)/60. Calculate the highest common factor of 44 and f.
11
Let q be (-256)/160 - (-563)/5. What is the greatest common divisor of 851 and q?
37
Suppose 4*s + 2836 = 4*w, -64*w + 8*s + 716 = -63*w. Calculate the greatest common factor of 8 and w.
4
Let p be 5 + -9 + 5 + 1. Suppose -p*l + 3 = -21. What is the greatest common divisor of l and 456?
12
Let q(u) = -74*u - 18. Let v be q(-4). Let t = 281 - v. What is the highest common factor of 75 and t?
3
Let y be 970*(-1 + ((-5)/2)/((-70)/126)). Calculate the greatest common divisor of 35 and y.
35
Suppose -84*g + 16002 = 43*g. What is the greatest common divisor of g and 198?
18
Let y(z) = -z**2 + 9*z - 2. Let p be y(5). Let x be (4 - 91/14)*(-16974)/115. Calculate the greatest common factor of x and p.
9
Suppose 0 = -m + 5*v + 15, -5*v - 6 - 9 = 2*m. Let w be 5 + (m - 3 - -18). What is the greatest common divisor of 100 and w?
20
Let l = -20765 + 20809. What is the highest common factor of 64 and l?
4
Let i(c) = 12*c**2 - 33*c + 104. Let d be i(11). Let f = d + -1159. Let h be 2/9 + 1832/18. Calculate the highest common divisor of f and h.
34
Let r = -66 + 112. Let j be 0 - 0/1 - -2. Suppose 1840 = 6*p - j*p. Calculate the highest common factor of r and p.
46
Let a be (-4)/22*-23 + 126/(-693). Suppose 17*q + 3*z = 15*q + 89, -a*z = 2*q - 84. What is the greatest common divisor of q and 13?
13
Let x be (-2 + 3)/((-1)/18). Let v be x*((-2 - 4) + 1). Let u(r) = -41*r**2 - 530*r + 84. Let g be u(-13). Calculate the greatest common divisor of g and v.
45
Let x be (-2)/(-1 + (-27)/(-33)). Suppose -6*j + x*j = 45. Let n(s) = -3*s**2 + 133*s - 82. Let l be n(43). What is the greatest common divisor of j and l?
9
Suppose -4*u = -2*u + 5*h - 70, -5*u = 4*h - 175. Let d(v) = -v**2 + 12*v + 609. Let n be d(-19). What is the greatest common divisor of u and n?
5
Let k = 93 - 81. Suppose 0 = 4*b - 9*c + 5*c - 68, 4*b + 4*c - 28 = 0. What is the highest common factor of b and k?
12
Let u be (-15894)/(-30) + (-4)/5. Suppose -51*i + 848 = -u. What is the greatest common factor of i and 18?
9
Let s(o) = 3 + 0*o**2 + 3*o - o**2 - 2*o + 5. Let u be s(-3). Let j be 2/(32/12) - 41/u. What is the greatest common divisor of j and 11?
11
Suppose 996 = 4*y + 5*k - 237, -k = 3. What is the highest common factor of 1144 and y?
104
Let t be 4220 + (-3 - -6) + -3 - 5. Calculate the greatest common divisor of t and 15.
15
Let v(t) = -3*t**2 - 2*t + 2. Let q be v(-2). Let o = q + 18. Let p = -6309 + 6325. What is the greatest common divisor of o and p?
4
Let r = 5934 + -4080. Calculate the highest common divisor of 36 and r.
18
Let o be 18/(-2)*(-18 + 14). Let j be (-482)/12 - (-6)/o. Let y = -4 - j. Calculate the greatest common divisor of y and 4.
4
Let b be (35902/261 - -18) + (-8)/(-18). Calculate the greatest common divisor of b and 60.
12
Let h(n) be the second derivative of n**4/3 + 3*n**3 + 8*n**2 + 274*n. Let a be h(-1). What is the greatest common divisor of 54 and a?
2
Let a(z) be the second derivative of 70*z**3/3 - 5*z**2/2 - z + 1. Let p be a(2). What is the greatest common factor of p and 25?
25
Suppose 5*f - 2*q = 375, 4*f - 2*q + 6*q - 272 = 0. Suppose -f*u + 72*u = -57. Suppose 14*i - 905 = 159. Calculate the highest common factor of u and i.
19
Let z = -19931 + 20402. What is the highest common factor of z and 314?
157
Let a = 259 - -203. What is the greatest common divisor of a and 798?
42
Suppose 0 = y + 3*j - 204, 4*y - 788 = 104*j - 102*j. What is the highest common factor of 414 and y?
18
Let z(i) = -i**2 - 11*i - 4. Let y be z(-9). Suppose 0 = r + r - 5*k - 88, 4*r - 202 = -3*k. Calculate the highest common divisor of r and y.
7
Suppose 2*a = 2, 396 = 5*w - 0*w - 4*a. Let l = w - 78. Suppose -7*v - l*v = -99. Calculate the highest common factor of 88 and v.
11
Suppose -232 = -38*x + 6266. Suppose -5*k - 13 = -2*y, -5*y - k + 41 = -5*k. Calculate the highest common factor of x and y.
9
Suppose -2*o + o + 5 = 0. Suppose -l = o*r + 250, 0 = 3*l - 3*r + 658 + 110. Let a be (-12)/15*l/6. What is the greatest common divisor of 51 and a?
17
Suppose 74*d = 2*d - 25*d + 71780. Calculate the greatest common divisor of d and 40.
20
Let w = -1165 + 2185. What is the greatest common divisor of w and 24?
12
Let g be 1/(-7) - 4773*(-476)/98. Calculate the greatest common divisor of 239 and g.
239
Let z be 9012/(-84) + (-1)/((-21)/6). Let h = z + 109. What is the greatest common divisor of h and 66?
2
Let p be (14156564/(-808))/((-1)/2). What is the highest common factor of 67 and p?
67
Let t(d) = 6*d**2 + 3*d - 27. Let f be t(11). Suppose 5*q + f = 5*z - 8, 3*q = -2*z + 271. What is the highest common factor of 11 and z?
11
Suppose -976 = 6*i - 892. Let g be (11448/(-371))/(4/i). Calculate the highest common factor of 162 and g.
54
Suppose -g + o + 237 = 0, -g - 157*o + 160*o = -221. Let s = 23 + -9. Calculate the greatest common factor of g and s.
7
Let x(h) = 5*h + 22. Let g be x(-2). Suppose g = -3*o, 0 = -3*s - 2*s - 4*o + 29. Calculate the greatest common divisor of 5 and s.
1
Suppose -4*q = -9 + 61. Let o = q + 18. Suppose -d - 67 = -o*t, 3 + 9 = 4*d. Calculate the highest common factor of 112 and t.
14
Suppose 333002 = 44852*b - 44821*b. Calculate the greatest common divisor of 393 and b.
131
Let l = -3268 - -3276. What is the highest common factor of 328 and l?
8
Let q(b) = -b**3 - 5*b**2 - 2*b + 3. Let h be q(-5). Suppose 0 = -23*g + 6*g + 119. Let o be 25 - -21 - (0 + g). What is the greatest common divisor of h and o?
13
Suppose 18*k + 100*k - 3832 = 16936. What is the greatest common factor of k and 2200?
88
Let d = 95 - 194. Let x be 4/6*d/(-22) - -15. Let k be (3/2)/(2/192). Calculate the highest common factor of k and x.
18
Let s = -857 - -1225. Suppose 4*d - 7*d - 2*b = -s, d - 151 = 5*b. Let u = 37 - 23. What is the highest common factor of u and d?
14
Let h = 298 + -590. Let g = -362 + 182. Let a = g - h. What is the highest common factor of a and 14?
14
Let c(u) = u**2 + 5*u - 58. Let r(y) = -49*y - 280. Let m be r(-6). Let i be c(m). Calculate the greatest common factor of 48 and i.
16
Let t(s) = 4*s**3 + 227*s**2 + 172*s + 230. Let x be t(-56). Calculate the highest common divisor of x and 382.
2
Let d = 76 - 31. Suppose -76*w + 79*w = -2*o + 180, 5*o - 450 = 5*w. Suppose -11*v = -8*v - o. Calculate the greatest common divisor of d and v.
15
Suppose -2*v + 16 = -0*v, 0 = -5*i + 2*v + 64. What is the highest common divisor of i and 8336?
16
Suppose -16*z + 21*z + 114 = -s, 0 = -z + 5. Let x = s - -146. Calculate the highest common divisor of 14 and x.
7
Suppose -s - p = 2*s + 212, p = -4*s - 283. Let f = s - -100. Suppose -f = -5*d - 4. Calculate the highest common factor of d and 5.
5
Let g = 131 - 98. Let a(m) 